 the remainder when 385 is divided by 45?
25
What is the remainder when 88 is divided by 47?
41
Calculate the remainder when 167 is divided by 52.
11
What is the remainder when 147 is divided by 37?
36
Calculate the remainder when 231 is divided by 31.
14
Calculate the remainder when 738 is divided by 28.
10
Calculate the remainder when 294 is divided by 129.
36
What is the remainder when 10 is divided by 9?
1
What is the remainder when 142 is divided by 56?
30
Calculate the remainder when 17 is divided by 5.
2
Calculate the remainder when 105 is divided by 18.
15
Calculate the remainder when 448 is divided by 73.
10
What is the remainder when 102 is divided by 9?
3
What is the remainder when 536 is divided by 26?
16
Calculate the remainder when 181 is divided by 20.
1
What is the remainder when 193 is divided by 15?
13
What is the remainder when 713 is divided by 307?
99
Calculate the remainder when 84 is divided by 17.
16
Calculate the remainder when 198 is divided by 3.
0
Calculate the remainder when 81406 is divided by 53.
51
Calculate the remainder when 410 is divided by 51.
2
What is the remainder when 130 is divided by 91?
39
Calculate the remainder when 780 is divided by 49.
45
Calculate the remainder when 480 is divided by 21.
18
What is the remainder when 353 is divided by 30?
23
What is the remainder when 459 is divided by 197?
65
Calculate the remainder when 312 is divided by 65.
52
Calculate the remainder when 122 is divided by 15.
2
What is the remainder when 47 is divided by 21?
5
Calculate the remainder when 86 is divided by 37.
12
Calculate the remainder when 204 is divided by 49.
8
Calculate the remainder when 124 is divided by 30.
4
What is the remainder when 850 is divided by 171?
166
What is the remainder when 1534 is divided by 30?
4
Calculate the remainder when 99 is divided by 50.
49
Calculate the remainder when 403 is divided by 129.
16
Calculate the remainder when 643 is divided by 91.
6
What is the remainder when 2223 is divided by 130?
13
Calculate the remainder when 62 is divided by 13.
10
What is the remainder when 1011 is divided by 71?
17
Calculate the remainder when 1418 is divided by 71.
69
What is the remainder when 501 is divided by 236?
29
What is the remainder when 458 is divided by 118?
104
What is the remainder when 85 is divided by 12?
1
What is the remainder when 33 is divided by 8?
1
What is the remainder when 142 is divided by 12?
10
What is the remainder when 460 is divided by 161?
138
What is the remainder when 368 is divided by 10?
8
What is the remainder when 140 is divided by 39?
23
Calculate the remainder when 3707 is divided by 36.
35
Calculate the remainder when 220 is divided by 56.
52
Calculate the remainder when 858 is divided by 20.
18
What is the remainder when 407 is divided by 33?
11
Calculate the remainder when 255 is divided by 11.
2
What is the remainder when 225 is divided by 212?
13
What is the remainder when 274 is divided by 25?
24
Calculate the remainder when 339 is divided by 77.
31
What is the remainder when 2140 is divided by 120?
100
What is the remainder when 1077 is divided by 327?
96
Calculate the remainder when 1708 is divided by 1669.
39
What is the remainder when 1323 is divided by 646?
31
What is the remainder when 3327 is divided by 26?
25
Calculate the remainder when 16 is divided by 5.
1
What is the remainder when 47 is divided by 16?
15
What is the remainder when 290 is divided by 85?
35
What is the remainder when 2308 is divided by 10?
8
Calculate the remainder when 255 is divided by 61.
11
What is the remainder when 210 is divided by 18?
12
Calculate the remainder when 133 is divided by 53.
27
Calculate the remainder when 36 is divided by 10.
6
What is the remainder when 70 is divided by 34?
2
What is the remainder when 2999 is divided by 20?
19
Calculate the remainder when 756 is divided by 77.
63
Calculate the remainder when 5300 is divided by 9.
8
Calculate the remainder when 89 is divided by 16.
9
Calculate the remainder when 187 is divided by 19.
16
What is the remainder when 376 is divided by 13?
12
What is the remainder when 100 is divided by 53?
47
What is the remainder when 344 is divided by 326?
18
Calculate the remainder when 394 is divided by 20.
14
What is the remainder when 266 is divided by 46?
36
What is the remainder when 277 is divided by 112?
53
Calculate the remainder when 3494 is divided by 15.
14
Calculate the remainder when 110 is divided by 88.
22
What is the remainder when 458 is divided by 45?
8
What is the remainder when 544 is divided by 13?
11
What is the remainder when 428 is divided by 60?
8
Calculate the remainder when 50651 is divided by 14.
13
Calculate the remainder when 160 is divided by 55.
50
Calculate the remainder when 216 is divided by 19.
7
What is the remainder when 219 is divided by 78?
63
What is the remainder when 88 is divided by 52?
36
What is the remainder when 516 is divided by 18?
12
Calculate the remainder when 288 is divided by 10.
8
What is the remainder when 542 is divided by 82?
50
What is the remainder when 799 is divided by 36?
7
Calculate the remainder when 244 is divided by 227.
17
What is the remainder when 105 is divided by 40?
25
Calculate the remainder when 298 is divided by 12.
10
Calculate the remainder when 278 is divided by 73.
59
Calculate the remainder when 73 is divided by 26.
21
What is the remainder when 18 is divided by 8?
2
Calculate the remainder when 146 is divided by 38.
32
Calculate the remainder when 82 is divided by 35.
12
Calculate the remainder when 4261 is divided by 237.
232
What is the remainder when 398 is divided by 154?
90
Calculate the remainder when 66 is divided by 32.
2
What is the remainder when 9095 is divided by 34?
17
What is the remainder when 3362 is divided by 187?
183
Calculate the remainder when 108 is divided by 108.
0
What is the remainder when 518 is divided by 20?
18
What is the remainder when 575 is divided by 32?
31
What is the remainder when 283 is divided by 37?
24
Calculate the remainder when 421 is divided by 13.
5
What is the remainder when 569 is divided by 24?
17
What is the remainder when 108 is divided by 17?
6
What is the remainder when 35349 is divided by 202?
201
Calculate the remainder when 112 is divided by 35.
7
Calculate the remainder when 371 is divided by 132.
107
Calculate the remainder when 108 is divided by 92.
16
Calculate the remainder when 1067 is divided by 18.
5
Calculate the remainder when 574 is divided by 21.
7
What is the remainder when 77 is divided by 10?
7
What is the remainder when 536 is divided by 54?
50
Calculate the remainder when 208 is divided by 48.
16
Calculate the remainder when 2388 is divided by 126.
120
What is the remainder when 206 is divided by 62?
20
What is the remainder when 3026 is divided by 92?
82
What is the remainder when 27 is divided by 10?
7
Calculate the remainder when 2445 is divided by 86.
37
What is the remainder when 231 is divided by 32?
7
Calculate the remainder when 356 is divided by 183.
173
What is the remainder when 98 is divided by 6?
2
Calculate the remainder when 14761 is divided by 4915.
16
What is the remainder when 800 is divided by 265?
5
Calculate the remainder when 78 is divided by 15.
3
What is the remainder when 510 is divided by 16?
14
What is the remainder when 1478 is divided by 28?
22
Calculate the remainder when 327 is divided by 108.
3
Calculate the remainder when 62 is divided by 15.
2
What is the remainder when 1565 is divided by 60?
5
Calculate the remainder when 51 is divided by 32.
19
Calculate the remainder when 161 is divided by 33.
29
What is the remainder when 415 is divided by 64?
31
Calculate the remainder when 3402 is divided by 309.
3
What is the remainder when 91 is divided by 46?
45
Calculate the remainder when 228 is divided by 41.
23
What is the remainder when 23451 is divided by 52?
51
What is the remainder when 71 is divided by 34?
3
What is the remainder when 63 is divided by 12?
3
Calculate the remainder when 225 is divided by 33.
27
Calculate the remainder when 9502 is divided by 132.
130
What is the remainder when 251 is divided by 249?
2
What is the remainder when 110 is divided by 35?
5
Calculate the remainder when 35 is divided by 20.
15
